y**2 - y - 8. Let x(r) = 9*t(r) - 4*v(r). What is the units digit of x(-6)?
8
Suppose -5*f = -v - 478, 3*v = -5*f + 2*f + 294. Suppose 3*r - 51 = -4*m, -4*m = -0*r - 4*r + f. What is the units digit of r?
1
Let a(r) = 6*r**2 - 15*r - 3. Let n(h) = -5*h**2 + 14*h + 3. Suppose -3*d - 1 - 17 = 0. Let g(j) = d*a(j) - 7*n(j). What is the units digit of g(-6)?
9
Let y = 7 + 179. What is the hundreds digit of y?
1
Let z be (62/4)/(3/(-6)). What is the tens digit of (-30)/(-20) + z/(-2)?
1
What is the tens digit of 7856/30 - 16/(-120)?
6
Let k = 1 + -3. Let g(y) = y**2 + 2 - 4 + 3 + y. What is the units digit of g(k)?
3
Let v be (-1)/3*(-91 - 2). Suppose 2*g + 3*d + 11 = 0, 4*d + v = -3*g - 2*g. What is the units digit of (-4)/(-14) + (-19)/g?
3
Let m(z) = z**3 - z**2 - 4. Let f be m(3). Let k = -7 + f. Let y = k - -2. What is the units digit of y?
9
Suppose -3*g - 3*l = 2*g - 532, -400 = -4*g + 4*l. What is the hundreds digit of g?
1
Let m(s) = 5*s**2 - s**2 - 2*s**2 - 3*s**2 + 1 - 11*s. What is the units digit of m(-9)?
9
Let m(v) = 129*v - 7. What is the hundreds digit of m(1)?
1
Let r(g) = 21*g**3 + 2*g**2 + g - 2. Let v be r(2). Suppose -v = 4*b - 8*b. What is the tens digit of b?
4
Let c = 2 - 0. Suppose 0*d - 2*d + c = 0. What is the units digit of d?
1
Suppose -3*u = -a + 5, -a + 4*a - 11 = 5*u. Let n = 1 - -5. Let q = n + a. What is the units digit of q?
8
Let d(n) = n. Suppose x + 6*k - 2*k = 22, 4*x - 5*k - 25 = 0. What is the units digit of d(x)?
0
Let x = -4 - -4. Suppose 18 = 3*z - x*a - 3*a, 5*a = -2*z + 5. Suppose -3*m - 4*k = -z, 0 = 5*k + 6 - 1. What is the units digit of m?
3
Let a = -2 + 20. Let r = -12 + a. What is the units digit of r?
6
Suppose -q - 40 = -5*n - 2*q, n - 12 = -q. What is the units digit of n?
7
Suppose 4 + 0 = g - 2*p, -g = 4*p + 2. What is the units digit of g?
2
Suppose 2*p - 20 = -3*p. Suppose 4*b + 3*y - 40 = 0, p*b - y - 55 = 1. What is the tens digit of b?
1
Let u(a) be the second derivative of a**5/20 - 5*a**4/12 - 7*a**3/6 + 2*a**2 - a. Let s be u(6). What is the units digit of 7 - (0 + s + 2)?
7
Let p be 4/(-6)*(5 - -1). Let s be (-8)/(-12) - p/3. What is the units digit of 39/s*(-4)/(-6)?
3
Suppose -5*w + 449 = 114. What is the units digit of w?
7
Suppose 18*t = 19*t - 83. What is the tens digit of t?
8
Suppose 0 = q + 3*n - 7, 0 = -q + 3*n + 4 - 3. What is the units digit of q?
4
Let l(d) = -d**2 - 5*d - 2. Let u be l(-3). Suppose -65 = -u*a - 17. What is the tens digit of a?
1
Let y(n) = -n - 7. Let m be y(-10). Suppose 8*q - 40 = m*q. What is the units digit of q?
8
Let s be 98/(-4) - (-9)/6. Let o = s + 39. Let j = o - 5. What is the tens digit of j?
1
Suppose h - 2*f - 382 = -4*h, -h = -f - 77. What is the units digit of h?
6
Suppose -3*p = 4*o + p - 16, -4*o + 3*p = -16. Let l(z) = -4*z**3 + 4 + 4*z**2 + o*z**3 + z**3. What is the units digit of l(-4)?
4
Suppose 61 + 50 = 3*z. What is the units digit of z?
7
Suppose 5*z + 2*d = -3*d + 1405, 2*d = 3*z - 868. What is the tens digit of z?
8
Let k(v) = -v + 8. Let f be k(5). What is the units digit of ((-15)/4)/(f/(-12))?
5
Suppose -14*y = -20*y + 60. What is the units digit of y?
0
Suppose 0 = 8*m - 3376 + 752. What is the tens digit of m?
2
Let g(f) be the third derivative of -f**6/120 - f**5/15 + f**4/12 - 5*f**3/6 + 5*f**2. Let h be 22/(-4) - (-2)/4. What is the units digit of g(h)?
0
What is the tens digit of 3*6/(-2 + 3)?
1
Let i = -4 - -40. What is the units digit of i?
6
Let s(t) = t**3 - 2*t**2 - 5*t + 2. Let v be s(4). Let x = v - 3. Suppose 0 = -3*k - x - 1, -15 = a + 5*k. What is the units digit of a?
5
Let q be 0*(21/(-6))/(-7). Suppose -4*w + 32 + 16 = q. What is the units digit of w?
2
Let g = -9 - -7. What is the tens digit of g/(-4)*6 + 15?
1
Let z = 23 - 5. Let q = -4 + z. What is the tens digit of q?
1
Suppose 0 = -3*j - 3 - 15. Let m = -4 - j. Suppose -24 = -2*b - m*b. What is the units digit of b?
6
Let j(d) = d**3 + 10*d**2 + d + 12. Let k be j(-10). Suppose -3*i - k*i + 30 = 0. What is the units digit of i?
6
Suppose -24 = -2*g + 5*o - o, 3*g = 3*o + 39. Suppose -g = -m - m. What is the units digit of m?
7
Let d = -69 + 103. Let y = d + -20. What is the units digit of y?
4
Let m = 6 - 2. What is the units digit of m?
4
Let w = 76 + -41. What is the tens digit of w?
3
Let z = 8 - 8. Suppose 0 = 5*j - 20, z = h + h - 5*j - 16. What is the units digit of h?
8
Let u(y) = y**2 - 3*y + 6. Suppose 4*m = 2*m. Let f = m + 4. What is the tens digit of u(f)?
1
Let t(j) be the first derivative of -j**3/3 + 4*j**2 - 3*j - 2. Suppose 0*h = -5*h + 30. What is the units digit of t(h)?
9
What is the tens digit of (-781)/(-9) - 42/(-189)?
8
Let l = 4 - 4. Suppose -4*h + 10 - 6 = l. What is the units digit of h?
1
Let v = 168 + -113. What is the units digit of v?
5
Let m(l) = -l**3 - 5*l**2 + 4*l - 2. Let q(k) = -k**2 + 3. Let x be q(-3). What is the units digit of m(x)?
0
Suppose 0 = -z + 1. Suppose k = -5, 4*k - 19 + z = -2*p. What is the units digit of p?
9
Let v = -6 + 8. What is the units digit of v?
2
Suppose 0 = -2*u + 3*b + 2 - 17, 3 = 3*b. Let x be (u/3)/(1/4). What is the units digit of 1 - 0 - 0 - x?
9
Let s(u) = -3*u + 2. Let z(n) = n - 1. Let r(o) = -s(o) - 2*z(o). What is the units digit of r(2)?
2
Let i = 0 - -3. Suppose -i*h - 3 = -9. Suppose 5*b + 3*w - 55 = -h*w, 5*w - 15 = 0. What is the units digit of b?
8
Suppose -5*a - a + 102 = 0. What is the units digit of a?
7
Let l(a) = -a**2 + 8*a - 5. Let o be 10/(-25) - (-76)/(-10). Let i = -1 - o. What is the units digit of l(i)?
2
Suppose -68 = 3*x + 37. What is the units digit of (4/14)/((-5)/x)?
2
Suppose 22 - 58 = -3*m. Let r(n) = n**2 - 9*n + 5. What is the tens digit of r(m)?
4
Let h(g) = g**2 + 8*g - 3. Let s be h(-8). Let d = -2 - s. What is the units digit of d?
1
Let a be 7 + -1 - (2 + -2). Let v = a + -5. Let u = 3 + v. What is the units digit of u?
4
Suppose m = -3*f + 6 + 6, 0 = -4*m - 2*f + 18. Suppose 2*b = -m*b + 75. What is the units digit of b?
5
Let f(r) = 36*r**2 + 4*r - 3. What is the units digit of f(3)?
3
Suppose w - 4*i + 13 = 0, -i = 3*w - 6 + 58. Suppose 4*v - 109 = -5*m + 8*v, 83 = 3*m + 2*v. Let s = m + w. What is the units digit of s?
8
Let q(v) = v + 10. Let p be q(-5). What is the units digit of p + (3 - 0 - 1)?
7
Suppose h = 4*h + 18. Let k = 8 + h. What is the units digit of k?
2
Suppose -6 = 5*d + 19. Let y be 8/(-4) - (d + 0). What is the units digit of 9/(-3) - (-8 - y)?
8
Let p = -28 - -30. What is the units digit of p?
2
Suppose 0 = -3*h + 29 - 2. Suppose 0*t = -3*t + h. Suppose 0 = -5*u + 2*f + 7, 0 = t*f - 12. What is the units digit of u?
3
Let x = 60 - 8. Suppose -5*j - 3*a + 92 = 0, 2*j + 4*a - x = -a. What is the tens digit of -3 + 1 + (j - -1)?
1
Let q(r) = 4*r + 6. Let u be q(6). Suppose -5*k + u = -3*k. What is the tens digit of k?
1
Let w = 77 - 26. What is the tens digit of w?
5
Let c(o) = -15*o**2 - 2*o + 1. Let w be c(2). What is the units digit of w/6*(-6)/9?
7
Let r(w) = -6*w. Let c be r(1). Let k = -13 - c. Let i = k - -15. What is the units digit of i?
8
Suppose 274 = 4*m + 2*i, 4*m + 9*i - 4*i = 283. What is the tens digit of m?
6
Let a = 2 + -5. Let z = 42 + a. What is the units digit of z?
9
Let h be (2 - 3)/(2/(-4)). Suppose -5*d - 6*x + 36 = -h*x, -3*d + 4*x - 4 = 0. What is the units digit of d?
4
Let i be 2/(12/(-9))*12. Let n = -6 - i. What is the units digit of n?
2
Suppose 4*y = 2*b + 2*y - 24, -3*y + 14 = 2*b. Suppose 0 = -3*t + 4*t + 2. Let s = t + b. What is the units digit of s?
8
Let m(u) = 3*u**2 - u - 3. What is the units digit of m(4)?
1
What is the tens digit of (-12)/(-8)*(-2934)/(-27)?
6
Suppose -4*y - 12 = 0, 3*y = -4*r + 22 + 25. What is the units digit of r?
4
Let b(f) = -f**3 - 3*f**2 - 5*f + 3. What is the tens digit of b(-4)?
3
Suppose 3*l - 6 = 0, -7*c + 208 = -6*c + l. What is the hundreds digit of c?
2
Let c = 18 - 48. What is the units digit of (4/(-3))/(2/c)?
0
Let f be (-16)/3*(-12)/8. Suppose 2*a + 0*a = -4*u + f, 5*u = 5. Suppose a*r = 4*r - 28. What is the tens digit of r?
1
Let q(t) = -2*t**3 + 4*t**2 + 4. What is the tens digit of q(-3)?
9
Suppose 4*w + d - 5*d = 24, -4*w = 2*d + 6. Let v = 0 + w. Suppose -2*o = 3*n + 3 + v, -o + 3 = 4*n. What is the units digit of n?
2
Let p(r) be the fi